{"id":167,"date":"2024-09-23T10:39:18","date_gmt":"2024-09-23T08:39:18","guid":{"rendered":"https:\/\/www.foerderverein-marienschule-roxel.de\/NeueSeite\/?page_id=167"},"modified":"2026-01-26T14:46:46","modified_gmt":"2026-01-26T13:46:46","slug":"aktuelles-2","status":"publish","type":"page","link":"https:\/\/www.foerderverein-marienschule-roxel.de\/NeueSeite\/aktuelles-2\/","title":{"rendered":"Aktuelles"},"content":{"rendered":"\t\t<div data-elementor-type=\"wp-page\" data-elementor-id=\"167\" class=\"elementor elementor-167\">\n\t\t\t\t<div class=\"elementor-element elementor-element-c24020b e-flex e-con-boxed e-con e-parent\" data-id=\"c24020b\" data-element_type=\"container\">\n\t\t\t\t\t<div class=\"e-con-inner\">\n\t\t<div class=\"elementor-element elementor-element-21e9079 e-flex e-con-boxed e-con e-child\" data-id=\"21e9079\" data-element_type=\"container\">\n\t\t\t\t\t<div class=\"e-con-inner\">\n\t\t\t\t<div class=\"elementor-element elementor-element-4b5b716 elementor-widget elementor-widget-heading\" data-id=\"4b5b716\" data-element_type=\"widget\" data-widget_type=\"heading.default\">\n\t\t\t\t<div class=\"elementor-widget-container\">\n\t\t\t<style>\/*! elementor - v3.21.0 - 30-04-2024 *\/\n.elementor-heading-title{padding:0;margin:0;line-height:1}.elementor-widget-heading .elementor-heading-title[class*=elementor-size-]>a{color:inherit;font-size:inherit;line-height:inherit}.elementor-widget-heading .elementor-heading-title.elementor-size-small{font-size:15px}.elementor-widget-heading .elementor-heading-title.elementor-size-medium{font-size:19px}.elementor-widget-heading .elementor-heading-title.elementor-size-large{font-size:29px}.elementor-widget-heading .elementor-heading-title.elementor-size-xl{font-size:39px}.elementor-widget-heading .elementor-heading-title.elementor-size-xxl{font-size:59px}<\/style><h2 class=\"elementor-heading-title elementor-size-default\">F\u00f6rderverein Marienschule Roxel e. V.<\/h2>\t\t<\/div>\n\t\t\t\t<\/div>\n\t\t<div class=\"elementor-element elementor-element-f6153c9 e-con-full e-flex e-con e-child\" data-id=\"f6153c9\" data-element_type=\"container\">\n\t\t\t\t<div class=\"elementor-element elementor-element-fcaa09d elementor-widget__width-initial elementor-widget elementor-widget-image\" data-id=\"fcaa09d\" data-element_type=\"widget\" data-widget_type=\"image.default\">\n\t\t\t\t<div class=\"elementor-widget-container\">\n\t\t\t<style>\/*! elementor - v3.21.0 - 30-04-2024 *\/\n.elementor-widget-image{text-align:center}.elementor-widget-image a{display:inline-block}.elementor-widget-image a img[src$=\".svg\"]{width:48px}.elementor-widget-image img{vertical-align:middle;display:inline-block}<\/style>\t\t\t\t\t\t\t\t\t\t\t<a href=\"https:\/\/www.foerderverein-marienschule-roxel.de\/NeueSeite\/\">\n\t\t\t\t\t\t\t<img decoding=\"async\" width=\"240\" height=\"144\" src=\"https:\/\/www.foerderverein-marienschule-roxel.de\/NeueSeite\/wp-content\/uploads\/2024\/05\/Foerdervereinlogo.jpg\" class=\"attachment-large size-large wp-image-116\" alt=\"\" \/>\t\t\t\t\t\t\t\t<\/a>\n\t\t\t\t\t\t\t\t\t\t\t\t\t<\/div>\n\t\t\t\t<\/div>\n\t\t\t\t<\/div>\n\t\t\t\t\t<\/div>\n\t\t\t\t<\/div>\n\t\t\t\t\t<\/div>\n\t\t\t\t<\/div>\n\t\t<div class=\"elementor-element elementor-element-57316f5 e-flex e-con-boxed e-con e-parent\" data-id=\"57316f5\" data-element_type=\"container\">\n\t\t\t\t\t<div class=\"e-con-inner\">\n\t\t\t\t<div class=\"elementor-element elementor-element-9a59732 elementor-widget__width-inherit elementor-widget elementor-widget-image\" data-id=\"9a59732\" data-element_type=\"widget\" data-widget_type=\"image.default\">\n\t\t\t\t<div class=\"elementor-widget-container\">\n\t\t\t\t\t\t\t\t\t\t\t\t\t<img fetchpriority=\"high\" decoding=\"async\" width=\"768\" height=\"614\" src=\"https:\/\/www.foerderverein-marienschule-roxel.de\/NeueSeite\/wp-content\/uploads\/2025\/10\/2025-Herbstferien-768x614.jpg\" class=\"elementor-animation-grow attachment-medium_large size-medium_large wp-image-600\" alt=\"\" srcset=\"https:\/\/www.foerderverein-marienschule-roxel.de\/NeueSeite\/wp-content\/uploads\/2025\/10\/2025-Herbstferien-768x614.jpg 768w, https:\/\/www.foerderverein-marienschule-roxel.de\/NeueSeite\/wp-content\/uploads\/2025\/10\/2025-Herbstferien-300x240.jpg 300w, https:\/\/www.foerderverein-marienschule-roxel.de\/NeueSeite\/wp-content\/uploads\/2025\/10\/2025-Herbstferien-1024x819.jpg 1024w, https:\/\/www.foerderverein-marienschule-roxel.de\/NeueSeite\/wp-content\/uploads\/2025\/10\/2025-Herbstferien.jpg 1280w\" sizes=\"(max-width: 768px) 100vw, 768px\" \/>\t\t\t\t\t\t\t\t\t\t\t\t\t<\/div>\n\t\t\t\t<\/div>\n\t\t\t\t\t<\/div>\n\t\t\t\t<\/div>\n\t\t<div class=\"elementor-element elementor-element-d8b7142 e-grid e-con-boxed e-con e-parent\" data-id=\"d8b7142\" data-element_type=\"container\">\n\t\t\t\t\t<div class=\"e-con-inner\">\n\t\t\t\t<div class=\"elementor-element elementor-element-37aa1ab elementor-align-left elementor-widget__width-initial elementor-widget elementor-widget-button\" data-id=\"37aa1ab\" data-element_type=\"widget\" data-widget_type=\"button.default\">\n\t\t\t\t<div class=\"elementor-widget-container\">\n\t\t\t\t\t<div class=\"elementor-button-wrapper\">\n\t\t\t<a class=\"elementor-button elementor-button-link elementor-size-sm\" href=\"https:\/\/www.foerderverein-marienschule-roxel.de\/NeueSeite\/153-2\/\">\n\t\t\t\t\t\t<span class=\"elementor-button-content-wrapper\">\n\t\t\t\t\t\t<span class=\"elementor-button-icon elementor-align-icon-left\">\n\t\t\t\t<svg aria-hidden=\"true\" class=\"e-font-icon-svg e-fas-arrow-alt-circle-right\" viewBox=\"0 0 512 512\" xmlns=\"http:\/\/www.w3.org\/2000\/svg\"><path d=\"M256 8c137 0 248 111 248 248S393 504 256 504 8 393 8 256 119 8 256 8zM140 300h116v70.9c0 10.7 13 16.1 20.5 8.5l114.3-114.9c4.7-4.7 4.7-12.2 0-16.9l-114.3-115c-7.6-7.6-20.5-2.2-20.5 8.5V212H140c-6.6 0-12 5.4-12 12v64c0 6.6 5.4 12 12 12z\"><\/path><\/svg>\t\t\t<\/span>\n\t\t\t\t\t\t\t\t\t<span class=\"elementor-button-text\">Aktionen und Projekte<\/span>\n\t\t\t\t\t<\/span>\n\t\t\t\t\t<\/a>\n\t\t<\/div>\n\t\t\t\t<\/div>\n\t\t\t\t<\/div>\n\t\t\t\t<div class=\"elementor-element elementor-element-72dcb97 elementor-widget__width-initial elementor-widget elementor-widget-button\" data-id=\"72dcb97\" data-element_type=\"widget\" data-widget_type=\"button.default\">\n\t\t\t\t<div class=\"elementor-widget-container\">\n\t\t\t\t\t<div class=\"elementor-button-wrapper\">\n\t\t\t<a class=\"elementor-button elementor-button-link elementor-size-sm\" href=\"https:\/\/www.foerderverein-marienschule-roxel.de\/NeueSeite\/aktuelles-2\/\">\n\t\t\t\t\t\t<span class=\"elementor-button-content-wrapper\">\n\t\t\t\t\t\t<span class=\"elementor-button-icon elementor-align-icon-left\">\n\t\t\t\t<svg aria-hidden=\"true\" class=\"e-font-icon-svg e-fas-arrow-alt-circle-right\" viewBox=\"0 0 512 512\" xmlns=\"http:\/\/www.w3.org\/2000\/svg\"><path d=\"M256 8c137 0 248 111 248 248S393 504 256 504 8 393 8 256 119 8 256 8zM140 300h116v70.9c0 10.7 13 16.1 20.5 8.5l114.3-114.9c4.7-4.7 4.7-12.2 0-16.9l-114.3-115c-7.6-7.6-20.5-2.2-20.5 8.5V212H140c-6.6 0-12 5.4-12 12v64c0 6.6 5.4 12 12 12z\"><\/path><\/svg>\t\t\t<\/span>\n\t\t\t\t\t\t\t\t\t<span class=\"elementor-button-text\">Aktuelles<\/span>\n\t\t\t\t\t<\/span>\n\t\t\t\t\t<\/a>\n\t\t<\/div>\n\t\t\t\t<\/div>\n\t\t\t\t<\/div>\n\t\t\t\t<div class=\"elementor-element elementor-element-0810fef elementor-widget__width-initial elementor-widget elementor-widget-button\" data-id=\"0810fef\" data-element_type=\"widget\" data-widget_type=\"button.default\">\n\t\t\t\t<div class=\"elementor-widget-container\">\n\t\t\t\t\t<div class=\"elementor-button-wrapper\">\n\t\t\t<a class=\"elementor-button elementor-button-link elementor-size-sm\" href=\"https:\/\/www.foerderverein-marienschule-roxel.de\/NeueSeite\/aktionen-und-projekte\/\">\n\t\t\t\t\t\t<span class=\"elementor-button-content-wrapper\">\n\t\t\t\t\t\t<span class=\"elementor-button-icon elementor-align-icon-left\">\n\t\t\t\t<svg aria-hidden=\"true\" class=\"e-font-icon-svg e-fas-arrow-alt-circle-right\" viewBox=\"0 0 512 512\" xmlns=\"http:\/\/www.w3.org\/2000\/svg\"><path d=\"M256 8c137 0 248 111 248 248S393 504 256 504 8 393 8 256 119 8 256 8zM140 300h116v70.9c0 10.7 13 16.1 20.5 8.5l114.3-114.9c4.7-4.7 4.7-12.2 0-16.9l-114.3-115c-7.6-7.6-20.5-2.2-20.5 8.5V212H140c-6.6 0-12 5.4-12 12v64c0 6.6 5.4 12 12 12z\"><\/path><\/svg>\t\t\t<\/span>\n\t\t\t\t\t\t\t\t\t<span class=\"elementor-button-text\">F\u00f6rderverein<\/span>\n\t\t\t\t\t<\/span>\n\t\t\t\t\t<\/a>\n\t\t<\/div>\n\t\t\t\t<\/div>\n\t\t\t\t<\/div>\n\t\t\t\t<div class=\"elementor-element elementor-element-d3a4df6 elementor-widget elementor-widget-button\" data-id=\"d3a4df6\" data-element_type=\"widget\" data-widget_type=\"button.default\">\n\t\t\t\t<div class=\"elementor-widget-container\">\n\t\t\t\t\t<div class=\"elementor-button-wrapper\">\n\t\t\t<a class=\"elementor-button elementor-button-link elementor-size-sm\" href=\"https:\/\/www.foerderverein-marienschule-roxel.de\/NeueSeite\/mitglied-werden\/\">\n\t\t\t\t\t\t<span class=\"elementor-button-content-wrapper\">\n\t\t\t\t\t\t<span class=\"elementor-button-icon elementor-align-icon-left\">\n\t\t\t\t<svg aria-hidden=\"true\" class=\"e-font-icon-svg e-fas-arrow-alt-circle-right\" viewBox=\"0 0 512 512\" xmlns=\"http:\/\/www.w3.org\/2000\/svg\"><path d=\"M256 8c137 0 248 111 248 248S393 504 256 504 8 393 8 256 119 8 256 8zM140 300h116v70.9c0 10.7 13 16.1 20.5 8.5l114.3-114.9c4.7-4.7 4.7-12.2 0-16.9l-114.3-115c-7.6-7.6-20.5-2.2-20.5 8.5V212H140c-6.6 0-12 5.4-12 12v64c0 6.6 5.4 12 12 12z\"><\/path><\/svg>\t\t\t<\/span>\n\t\t\t\t\t\t\t\t\t<span class=\"elementor-button-text\">Mitmachen<\/span>\n\t\t\t\t\t<\/span>\n\t\t\t\t\t<\/a>\n\t\t<\/div>\n\t\t\t\t<\/div>\n\t\t\t\t<\/div>\n\t\t\t\t<div class=\"elementor-element elementor-element-fb52d56 elementor-widget__width-initial elementor-widget elementor-widget-button\" data-id=\"fb52d56\" data-element_type=\"widget\" data-widget_type=\"button.default\">\n\t\t\t\t<div class=\"elementor-widget-container\">\n\t\t\t\t\t<div class=\"elementor-button-wrapper\">\n\t\t\t<a class=\"elementor-button elementor-button-link elementor-size-sm\" href=\"https:\/\/www.foerderverein-marienschule-roxel.de\/NeueSeite\/konakt\/\">\n\t\t\t\t\t\t<span class=\"elementor-button-content-wrapper\">\n\t\t\t\t\t\t<span class=\"elementor-button-icon elementor-align-icon-left\">\n\t\t\t\t<svg aria-hidden=\"true\" class=\"e-font-icon-svg e-fas-arrow-alt-circle-right\" viewBox=\"0 0 512 512\" xmlns=\"http:\/\/www.w3.org\/2000\/svg\"><path d=\"M256 8c137 0 248 111 248 248S393 504 256 504 8 393 8 256 119 8 256 8zM140 300h116v70.9c0 10.7 13 16.1 20.5 8.5l114.3-114.9c4.7-4.7 4.7-12.2 0-16.9l-114.3-115c-7.6-7.6-20.5-2.2-20.5 8.5V212H140c-6.6 0-12 5.4-12 12v64c0 6.6 5.4 12 12 12z\"><\/path><\/svg>\t\t\t<\/span>\n\t\t\t\t\t\t\t\t\t<span class=\"elementor-button-text\">Kontakt<\/span>\n\t\t\t\t\t<\/span>\n\t\t\t\t\t<\/a>\n\t\t<\/div>\n\t\t\t\t<\/div>\n\t\t\t\t<\/div>\n\t\t\t\t\t<\/div>\n\t\t\t\t<\/div>\n\t\t<div class=\"elementor-element elementor-element-6c9dd9b e-flex e-con-boxed e-con e-parent\" data-id=\"6c9dd9b\" data-element_type=\"container\">\n\t\t\t\t\t<div class=\"e-con-inner\">\n\t\t<div class=\"elementor-element elementor-element-927065a e-con-full e-flex e-con e-child\" data-id=\"927065a\" data-element_type=\"container\">\n\t\t\t\t<div class=\"elementor-element elementor-element-d74b8d6 elementor-widget elementor-widget-text-editor\" data-id=\"d74b8d6\" data-element_type=\"widget\" data-widget_type=\"text-editor.default\">\n\t\t\t\t<div class=\"elementor-widget-container\">\n\t\t\t<style>\/*! elementor - v3.21.0 - 30-04-2024 *\/\n.elementor-widget-text-editor.elementor-drop-cap-view-stacked .elementor-drop-cap{background-color:#69727d;color:#fff}.elementor-widget-text-editor.elementor-drop-cap-view-framed .elementor-drop-cap{color:#69727d;border:3px solid;background-color:transparent}.elementor-widget-text-editor:not(.elementor-drop-cap-view-default) .elementor-drop-cap{margin-top:8px}.elementor-widget-text-editor:not(.elementor-drop-cap-view-default) .elementor-drop-cap-letter{width:1em;height:1em}.elementor-widget-text-editor .elementor-drop-cap{float:left;text-align:center;line-height:1;font-size:50px}.elementor-widget-text-editor .elementor-drop-cap-letter{display:inline-block}<\/style>\t\t\t\t<h2>Aktuelles<\/h2>\t\t\t\t\t\t<\/div>\n\t\t\t\t<\/div>\n\t\t\t\t<\/div>\n\t\t<div class=\"elementor-element elementor-element-3b3faf1 e-con-full e-flex e-con e-child\" data-id=\"3b3faf1\" data-element_type=\"container\">\n\t\t\t\t<div class=\"elementor-element elementor-element-2320437 elementor-widget elementor-widget-text-editor\" data-id=\"2320437\" data-element_type=\"widget\" data-widget_type=\"text-editor.default\">\n\t\t\t\t<div class=\"elementor-widget-container\">\n\t\t\t\t\t\t\t<p>Gerade ist die <strong>Zirkuswoche<\/strong> zu Ende gegangen. Dank der vielen Spenden, die der F\u00f6rderverein in den letzten Jahren gesammelt hat, konnte dieses Gro\u00dfprojekt gestemmt werden. Es war eine bunte, ber\u00fchrende, spannende, aufregende und ganz besondere Woche, die wir mit Tausentraum erleben durften.<\/p><p><strong>Vergangene Projekte:<\/strong><\/p><p>In den vergangenen Wochen war viel los: der <a href=\"https:\/\/www.foerderverein-marienschule-roxel.de\/NeueSeite\/sponsorenlauf\/\">Sponsorenlauf<\/a> f\u00fcr unser Jekits-Projekt fand auf dem Gel\u00e4nde des BSV statt.<\/p><p>Beim <strong>Sommerfest<\/strong>\u00a0im Juni 2025 gab es Kuchen, W\u00fcrstchen, Getr\u00e4nke, Dunkelparcours, Tombola- da war f\u00fcr alle was dabei.<\/p>\t\t\t\t\t\t<\/div>\n\t\t\t\t<\/div>\n\t\t\t\t<\/div>\n\t\t\t\t\t<\/div>\n\t\t\t\t<\/div>\n\t\t<div class=\"elementor-element elementor-element-a04ad19 e-grid e-con-boxed e-con e-parent\" data-id=\"a04ad19\" data-element_type=\"container\">\n\t\t\t\t\t<div class=\"e-con-inner\">\n\t\t\t\t<div class=\"elementor-element elementor-element-7f93016 elementor-widget elementor-widget-image\" data-id=\"7f93016\" data-element_type=\"widget\" data-widget_type=\"image.default\">\n\t\t\t\t<div class=\"elementor-widget-container\">\n\t\t\t\t\t\t\t\t\t\t\t\t\t<img decoding=\"async\" width=\"1024\" height=\"768\" src=\"https:\/\/www.foerderverein-marienschule-roxel.de\/NeueSeite\/wp-content\/uploads\/2025\/10\/2025-Waveboard-1024x768.jpg\" class=\"attachment-large size-large wp-image-618\" alt=\"\" srcset=\"https:\/\/www.foerderverein-marienschule-roxel.de\/NeueSeite\/wp-content\/uploads\/2025\/10\/2025-Waveboard-1024x768.jpg 1024w, https:\/\/www.foerderverein-marienschule-roxel.de\/NeueSeite\/wp-content\/uploads\/2025\/10\/2025-Waveboard-300x225.jpg 300w, https:\/\/www.foerderverein-marienschule-roxel.de\/NeueSeite\/wp-content\/uploads\/2025\/10\/2025-Waveboard-768x576.jpg 768w, https:\/\/www.foerderverein-marienschule-roxel.de\/NeueSeite\/wp-content\/uploads\/2025\/10\/2025-Waveboard.jpg 1280w\" sizes=\"(max-width: 1024px) 100vw, 1024px\" \/>\t\t\t\t\t\t\t\t\t\t\t\t\t<\/div>\n\t\t\t\t<\/div>\n\t\t\t\t<div class=\"elementor-element elementor-element-99f8f13 elementor-widget elementor-widget-image\" data-id=\"99f8f13\" data-element_type=\"widget\" data-widget_type=\"image.default\">\n\t\t\t\t<div class=\"elementor-widget-container\">\n\t\t\t\t\t\t\t\t\t\t\t\t\t<img loading=\"lazy\" decoding=\"async\" width=\"1024\" height=\"768\" src=\"https:\/\/www.foerderverein-marienschule-roxel.de\/NeueSeite\/wp-content\/uploads\/2025\/10\/2025-Sommerfest4-1024x768.jpg\" class=\"attachment-large size-large wp-image-639\" alt=\"\" srcset=\"https:\/\/www.foerderverein-marienschule-roxel.de\/NeueSeite\/wp-content\/uploads\/2025\/10\/2025-Sommerfest4-1024x768.jpg 1024w, https:\/\/www.foerderverein-marienschule-roxel.de\/NeueSeite\/wp-content\/uploads\/2025\/10\/2025-Sommerfest4-300x225.jpg 300w, https:\/\/www.foerderverein-marienschule-roxel.de\/NeueSeite\/wp-content\/uploads\/2025\/10\/2025-Sommerfest4-768x576.jpg 768w, https:\/\/www.foerderverein-marienschule-roxel.de\/NeueSeite\/wp-content\/uploads\/2025\/10\/2025-Sommerfest4.jpg 1280w\" sizes=\"(max-width: 1024px) 100vw, 1024px\" \/>\t\t\t\t\t\t\t\t\t\t\t\t\t<\/div>\n\t\t\t\t<\/div>\n\t\t\t\t<div class=\"elementor-element elementor-element-b47f9dd elementor-widget elementor-widget-image\" data-id=\"b47f9dd\" data-element_type=\"widget\" data-widget_type=\"image.default\">\n\t\t\t\t<div class=\"elementor-widget-container\">\n\t\t\t\t\t\t\t\t\t\t\t\t\t<img loading=\"lazy\" decoding=\"async\" width=\"1024\" height=\"768\" src=\"https:\/\/www.foerderverein-marienschule-roxel.de\/NeueSeite\/wp-content\/uploads\/2025\/05\/IMG_8553_ergebnis-1024x768.jpg\" class=\"attachment-large size-large wp-image-538\" alt=\"\" srcset=\"https:\/\/www.foerderverein-marienschule-roxel.de\/NeueSeite\/wp-content\/uploads\/2025\/05\/IMG_8553_ergebnis-1024x768.jpg 1024w, https:\/\/www.foerderverein-marienschule-roxel.de\/NeueSeite\/wp-content\/uploads\/2025\/05\/IMG_8553_ergebnis-300x225.jpg 300w, https:\/\/www.foerderverein-marienschule-roxel.de\/NeueSeite\/wp-content\/uploads\/2025\/05\/IMG_8553_ergebnis-768x576.jpg 768w, https:\/\/www.foerderverein-marienschule-roxel.de\/NeueSeite\/wp-content\/uploads\/2025\/05\/IMG_8553_ergebnis-1536x1152.jpg 1536w, https:\/\/www.foerderverein-marienschule-roxel.de\/NeueSeite\/wp-content\/uploads\/2025\/05\/IMG_8553_ergebnis-2048x1536.jpg 2048w\" sizes=\"(max-width: 1024px) 100vw, 1024px\" \/>\t\t\t\t\t\t\t\t\t\t\t\t\t<\/div>\n\t\t\t\t<\/div>\n\t\t\t\t\t<\/div>\n\t\t\t\t<\/div>\n\t\t<div class=\"elementor-element elementor-element-d867c88 e-flex e-con-boxed e-con e-parent\" data-id=\"d867c88\" data-element_type=\"container\">\n\t\t\t\t\t<div class=\"e-con-inner\">\n\t\t\t\t<div class=\"elementor-element elementor-element-8935b02 elementor-widget elementor-widget-image\" data-id=\"8935b02\" data-element_type=\"widget\" data-widget_type=\"image.default\">\n\t\t\t\t<div class=\"elementor-widget-container\">\n\t\t\t\t\t\t\t\t\t\t\t\t\t<img loading=\"lazy\" decoding=\"async\" width=\"1024\" height=\"768\" src=\"https:\/\/www.foerderverein-marienschule-roxel.de\/NeueSeite\/wp-content\/uploads\/2024\/09\/PXL_20240607_150534504-1024x768.jpg\" class=\"attachment-large size-large wp-image-173\" alt=\"\" srcset=\"https:\/\/www.foerderverein-marienschule-roxel.de\/NeueSeite\/wp-content\/uploads\/2024\/09\/PXL_20240607_150534504-1024x768.jpg 1024w, https:\/\/www.foerderverein-marienschule-roxel.de\/NeueSeite\/wp-content\/uploads\/2024\/09\/PXL_20240607_150534504-300x225.jpg 300w, https:\/\/www.foerderverein-marienschule-roxel.de\/NeueSeite\/wp-content\/uploads\/2024\/09\/PXL_20240607_150534504-768x576.jpg 768w, https:\/\/www.foerderverein-marienschule-roxel.de\/NeueSeite\/wp-content\/uploads\/2024\/09\/PXL_20240607_150534504-1536x1152.jpg 1536w, https:\/\/www.foerderverein-marienschule-roxel.de\/NeueSeite\/wp-content\/uploads\/2024\/09\/PXL_20240607_150534504-2048x1536.jpg 2048w\" sizes=\"(max-width: 1024px) 100vw, 1024px\" \/>\t\t\t\t\t\t\t\t\t\t\t\t\t<\/div>\n\t\t\t\t<\/div>\n\t\t\t\t\t<\/div>\n\t\t\t\t<\/div>\n\t\t<div class=\"elementor-element elementor-element-58deb79 e-flex e-con-boxed e-con e-parent\" data-id=\"58deb79\" data-element_type=\"container\">\n\t\t\t\t\t<div class=\"e-con-inner\">\n\t\t<div class=\"elementor-element elementor-element-119befc e-flex e-con-boxed e-con e-child\" data-id=\"119befc\" data-element_type=\"container\">\n\t\t\t\t\t<div class=\"e-con-inner\">\n\t\t\t\t<div class=\"elementor-element elementor-element-336e30a elementor-widget__width-inherit elementor-widget elementor-widget-text-editor\" data-id=\"336e30a\" data-element_type=\"widget\" data-widget_type=\"text-editor.default\">\n\t\t\t\t<div class=\"elementor-widget-container\">\n\t\t\t\t\t\t\t<p>\u00a9 F\u00f6rderverein der Mariengrundschule M\u00fcnster-Roxel \u00a0\u00a0 \u00a0\u00a0 \u00a0\u00a0 \u00a0\u00a0 \u00a0 \u00a0 \u00a0 \u00a0 \u00a0 \u00a0 \u00a0 \u00a0 \u00a0\u00a0 <a href=\"https:\/\/www.foerderverein-marienschule-roxel.de\/NeueSeite\/117-2\/\">Impressum<\/a> | <a href=\"https:\/\/www.foerderverein-marienschule-roxel.de\/NeueSeite\/datenschutzerklaerung\/\" target=\"_blank\" rel=\"noopener\">Datenschutz<\/a><\/p>\t\t\t\t\t\t<\/div>\n\t\t\t\t<\/div>\n\t\t\t\t\t<\/div>\n\t\t\t\t<\/div>\n\t\t\t\t\t<\/div>\n\t\t\t\t<\/div>\n\t\t\t\t<\/div>\n\t\t","protected":false},"excerpt":{"rendered":"<p>F\u00f6rderverein Marienschule Roxel e. V. Aktionen und Projekte Aktuelles F\u00f6rderverein Mitmachen Kontakt Aktuelles Gerade ist die Zirkuswoche zu Ende gegangen. Dank der vielen Spenden, die der F\u00f6rderverein in den letzten Jahren gesammelt hat, konnte dieses Gro\u00dfprojekt gestemmt werden. Es war eine bunte, ber\u00fchrende, spannende, aufregende und ganz besondere Woche, die wir mit Tausentraum erleben durften. [&hellip;]<\/p>\n","protected":false},"author":1,"featured_media":0,"parent":0,"menu_order":0,"comment_status":"closed","ping_status":"closed","template":"","meta":{"ocean_post_layout":"full-screen","ocean_both_sidebars_style":"","ocean_both_sidebars_content_width":0,"ocean_both_sidebars_sidebars_width":0,"ocean_sidebar":"","ocean_second_sidebar":"","ocean_disable_margins":"enable","ocean_add_body_class":"","ocean_shortcode_before_top_bar":"","ocean_shortcode_after_top_bar":"","ocean_shortcode_before_header":"","ocean_shortcode_after_header":"","ocean_has_shortcode":"","ocean_shortcode_after_title":"","ocean_shortcode_before_footer_widgets":"","ocean_shortcode_after_footer_widgets":"","ocean_shortcode_before_footer_bottom":"","ocean_shortcode_after_footer_bottom":"","ocean_display_top_bar":"off","ocean_display_header":"off","ocean_header_style":"","ocean_center_header_left_menu":"","ocean_custom_header_template":"","ocean_custom_logo":0,"ocean_custom_retina_logo":0,"ocean_custom_logo_max_width":0,"ocean_custom_logo_tablet_max_width":0,"ocean_custom_logo_mobile_max_width":0,"ocean_custom_logo_max_height":0,"ocean_custom_logo_tablet_max_height":0,"ocean_custom_logo_mobile_max_height":0,"ocean_header_custom_menu":"","ocean_menu_typo_font_family":"","ocean_menu_typo_font_subset":"","ocean_menu_typo_font_size":0,"ocean_menu_typo_font_size_tablet":0,"ocean_menu_typo_font_size_mobile":0,"ocean_menu_typo_font_size_unit":"px","ocean_menu_typo_font_weight":"","ocean_menu_typo_font_weight_tablet":"","ocean_menu_typo_font_weight_mobile":"","ocean_menu_typo_transform":"","ocean_menu_typo_transform_tablet":"","ocean_menu_typo_transform_mobile":"","ocean_menu_typo_line_height":0,"ocean_menu_typo_line_height_tablet":0,"ocean_menu_typo_line_height_mobile":0,"ocean_menu_typo_line_height_unit":"","ocean_menu_typo_spacing":0,"ocean_menu_typo_spacing_tablet":0,"ocean_menu_typo_spacing_mobile":0,"ocean_menu_typo_spacing_unit":"","ocean_menu_link_color":"","ocean_menu_link_color_hover":"","ocean_menu_link_color_active":"","ocean_menu_link_background":"","ocean_menu_link_hover_background":"","ocean_menu_link_active_background":"","ocean_menu_social_links_bg":"","ocean_menu_social_hover_links_bg":"","ocean_menu_social_links_color":"","ocean_menu_social_hover_links_color":"","ocean_disable_title":"on","ocean_disable_heading":"default","ocean_post_title":"","ocean_post_subheading":"","ocean_post_title_style":"","ocean_post_title_background_color":"","ocean_post_title_background":0,"ocean_post_title_bg_image_position":"","ocean_post_title_bg_image_attachment":"","ocean_post_title_bg_image_repeat":"","ocean_post_title_bg_image_size":"","ocean_post_title_height":0,"ocean_post_title_bg_overlay":0.5,"ocean_post_title_bg_overlay_color":"","ocean_disable_breadcrumbs":"default","ocean_breadcrumbs_color":"","ocean_breadcrumbs_separator_color":"","ocean_breadcrumbs_links_color":"","ocean_breadcrumbs_links_hover_color":"","ocean_display_footer_widgets":"off","ocean_display_footer_bottom":"off","ocean_custom_footer_template":"","footnotes":""},"class_list":["post-167","page","type-page","status-publish","hentry","entry"],"_links":{"self":[{"href":"https:\/\/www.foerderverein-marienschule-roxel.de\/NeueSeite\/wp-json\/wp\/v2\/pages\/167","targetHints":{"allow":["GET"]}}],"collection":[{"href":"https:\/\/www.foerderverein-marienschule-roxel.de\/NeueSeite\/wp-json\/wp\/v2\/pages"}],"about":[{"href":"https:\/\/www.foerderverein-marienschule-roxel.de\/NeueSeite\/wp-json\/wp\/v2\/types\/page"}],"author":[{"embeddable":true,"href":"https:\/\/www.foerderverein-marienschule-roxel.de\/NeueSeite\/wp-json\/wp\/v2\/users\/1"}],"replies":[{"embeddable":true,"href":"https:\/\/www.foerderverein-marienschule-roxel.de\/NeueSeite\/wp-json\/wp\/v2\/comments?post=167"}],"version-history":[{"count":112,"href":"https:\/\/www.foerderverein-marienschule-roxel.de\/NeueSeite\/wp-json\/wp\/v2\/pages\/167\/revisions"}],"predecessor-version":[{"id":666,"href":"https:\/\/www.foerderverein-marienschule-roxel.de\/NeueSeite\/wp-json\/wp\/v2\/pages\/167\/revisions\/666"}],"wp:attachment":[{"href":"https:\/\/www.foerderverein-marienschule-roxel.de\/NeueSeite\/wp-json\/wp\/v2\/media?parent=167"}],"curies":[{"name":"wp","href":"https:\/\/api.w.org\/{rel}","templated":true}]}}