{"id":223,"date":"2024-09-26T16:31:44","date_gmt":"2024-09-26T14:31:44","guid":{"rendered":"https:\/\/www.foerderverein-marienschule-roxel.de\/NeueSeite\/?page_id=223"},"modified":"2024-09-30T09:31:51","modified_gmt":"2024-09-30T07:31:51","slug":"komm-mach-mit","status":"publish","type":"page","link":"https:\/\/www.foerderverein-marienschule-roxel.de\/NeueSeite\/komm-mach-mit\/","title":{"rendered":"Komm mach mit"},"content":{"rendered":"\t\t<div data-elementor-type=\"wp-page\" data-elementor-id=\"223\" class=\"elementor elementor-223\">\n\t\t\t\t<div class=\"elementor-element elementor-element-de0449e e-flex e-con-boxed e-con e-parent\" data-id=\"de0449e\" data-element_type=\"container\">\n\t\t\t\t\t<div class=\"e-con-inner\">\n\t\t\t\t<div class=\"elementor-element elementor-element-1ed9959 elementor-widget elementor-widget-heading\" data-id=\"1ed9959\" data-element_type=\"widget\" data-widget_type=\"heading.default\">\n\t\t\t\t<div class=\"elementor-widget-container\">\n\t\t\t<style>\/*! elementor - v3.21.0 - 30-04-2024 *\/\n.elementor-heading-title{padding:0;margin:0;line-height:1}.elementor-widget-heading .elementor-heading-title[class*=elementor-size-]>a{color:inherit;font-size:inherit;line-height:inherit}.elementor-widget-heading .elementor-heading-title.elementor-size-small{font-size:15px}.elementor-widget-heading .elementor-heading-title.elementor-size-medium{font-size:19px}.elementor-widget-heading .elementor-heading-title.elementor-size-large{font-size:29px}.elementor-widget-heading .elementor-heading-title.elementor-size-xl{font-size:39px}.elementor-widget-heading .elementor-heading-title.elementor-size-xxl{font-size:59px}<\/style><h2 class=\"elementor-heading-title elementor-size-default\">Komm mach mit<\/h2>\t\t<\/div>\n\t\t\t\t<\/div>\n\t\t\t\t\t<\/div>\n\t\t\t\t<\/div>\n\t\t<div class=\"elementor-element elementor-element-7d2999f e-flex e-con-boxed e-con e-parent\" data-id=\"7d2999f\" data-element_type=\"container\">\n\t\t\t\t\t<div class=\"e-con-inner\">\n\t\t\t\t<div class=\"elementor-element elementor-element-fc1890a elementor-widget elementor-widget-image\" data-id=\"fc1890a\" data-element_type=\"widget\" data-widget_type=\"image.default\">\n\t\t\t\t<div class=\"elementor-widget-container\">\n\t\t\t<style>\/*! elementor - v3.21.0 - 30-04-2024 *\/\n.elementor-widget-image{text-align:center}.elementor-widget-image a{display:inline-block}.elementor-widget-image a img[src$=\".svg\"]{width:48px}.elementor-widget-image img{vertical-align:middle;display:inline-block}<\/style>\t\t\t\t\t\t\t\t\t\t<img fetchpriority=\"high\" decoding=\"async\" width=\"1024\" height=\"752\" src=\"https:\/\/www.foerderverein-marienschule-roxel.de\/NeueSeite\/wp-content\/uploads\/2024\/09\/Komm-mach-mit-1024x752.jpg\" class=\"attachment-large size-large wp-image-221\" alt=\"\" srcset=\"https:\/\/www.foerderverein-marienschule-roxel.de\/NeueSeite\/wp-content\/uploads\/2024\/09\/Komm-mach-mit-1024x752.jpg 1024w, https:\/\/www.foerderverein-marienschule-roxel.de\/NeueSeite\/wp-content\/uploads\/2024\/09\/Komm-mach-mit-300x220.jpg 300w, https:\/\/www.foerderverein-marienschule-roxel.de\/NeueSeite\/wp-content\/uploads\/2024\/09\/Komm-mach-mit-768x564.jpg 768w, https:\/\/www.foerderverein-marienschule-roxel.de\/NeueSeite\/wp-content\/uploads\/2024\/09\/Komm-mach-mit.jpg 1280w\" sizes=\"(max-width: 1024px) 100vw, 1024px\" \/>\t\t\t\t\t\t\t\t\t\t\t\t\t<\/div>\n\t\t\t\t<\/div>\n\t\t\t\t\t<\/div>\n\t\t\t\t<\/div>\n\t\t<div class=\"elementor-element elementor-element-5b752f2 e-flex e-con-boxed e-con e-parent\" data-id=\"5b752f2\" data-element_type=\"container\">\n\t\t\t\t\t<div class=\"e-con-inner\">\n\t\t\t\t<div class=\"elementor-element elementor-element-4655025 elementor-widget elementor-widget-text-editor\" data-id=\"4655025\" data-element_type=\"widget\" data-widget_type=\"text-editor.default\">\n\t\t\t\t<div class=\"elementor-widget-container\">\n\t\t\t<style>\/*! elementor - v3.21.0 - 30-04-2024 *\/\n.elementor-widget-text-editor.elementor-drop-cap-view-stacked .elementor-drop-cap{background-color:#69727d;color:#fff}.elementor-widget-text-editor.elementor-drop-cap-view-framed .elementor-drop-cap{color:#69727d;border:3px solid;background-color:transparent}.elementor-widget-text-editor:not(.elementor-drop-cap-view-default) .elementor-drop-cap{margin-top:8px}.elementor-widget-text-editor:not(.elementor-drop-cap-view-default) .elementor-drop-cap-letter{width:1em;height:1em}.elementor-widget-text-editor .elementor-drop-cap{float:left;text-align:center;line-height:1;font-size:50px}.elementor-widget-text-editor .elementor-drop-cap-letter{display:inline-block}<\/style>\t\t\t\t<p>Artikel: 16.07.2024 WN<\/p><p><strong>Ein guter Start in die Ferien<\/strong><\/p><p>Die Kinder in der OGS der Marienschule Roxel hatten mit Unterst\u00fctzung des F\u00f6rdervereins \u00a0eine \u201esportliche\u201c\u00a0 erste Ferienwoche.<br \/>\u201eKomm! Mach mit\u201c hie\u00df das Projekt f\u00fcr die Jahrg\u00e4nge eins und zwei, das \u00fcber die Projektf\u00f6rderung der Aktion Mensch finanziert wurde, so das OGS Team in einer Pressemitteilung.<\/p><p>Sportbegeisterte und erfahrene junge Erwachsene boten unter der Leitung von Susanne Ackmann vor-und nachmittags je zwei intensive Sportstunden an. Die Karateka Eric Holtz, Deutscher Meister im Teamkampf und sein Bruder Lasse, Silbermedaille im Einzel, standen t\u00e4glich \u201e vier Stunden auf der Matte\u201c\u00a0 um erste Grundkenntnisse in der Selbstverteidigung zu vermitteln.<br \/>Parallel gab es unterschiedliche Bewegungsstationen und Mannschaftsspiele. Wer wollte konnte also eine intensive Sportwoche\u00a0 in der Ferienbetreuung des OGS erleben.<br \/>Auch in der ersten Herbstferienwoche, wird es mit Unterst\u00fctzung der Aktion Mensch \u00fcber den F\u00f6rderverein eine sportliche\u00a0 Erg\u00e4nzung geben.<\/p><p>\u00a0<\/p><p>\u00a0<\/p><p>\u00a0<\/p>\t\t\t\t\t\t<\/div>\n\t\t\t\t<\/div>\n\t\t\t\t\t<\/div>\n\t\t\t\t<\/div>\n\t\t\t\t<\/div>\n\t\t","protected":false},"excerpt":{"rendered":"<p>Komm mach mit Artikel: 16.07.2024 WN Ein guter Start in die Ferien Die Kinder in der OGS der Marienschule Roxel hatten mit Unterst\u00fctzung des F\u00f6rdervereins \u00a0eine \u201esportliche\u201c\u00a0 erste Ferienwoche.\u201eKomm! Mach mit\u201c hie\u00df das Projekt f\u00fcr die Jahrg\u00e4nge eins und zwei, das \u00fcber die Projektf\u00f6rderung der Aktion Mensch finanziert wurde, so das OGS Team in einer [&hellip;]<\/p>\n","protected":false},"author":1,"featured_media":0,"parent":0,"menu_order":0,"comment_status":"closed","ping_status":"closed","template":"","meta":{"ocean_post_layout":"","ocean_both_sidebars_style":"","ocean_both_sidebars_content_width":0,"ocean_both_sidebars_sidebars_width":0,"ocean_sidebar":"","ocean_second_sidebar":"","ocean_disable_margins":"enable","ocean_add_body_class":"","ocean_shortcode_before_top_bar":"","ocean_shortcode_after_top_bar":"","ocean_shortcode_before_header":"","ocean_shortcode_after_header":"","ocean_has_shortcode":"","ocean_shortcode_after_title":"","ocean_shortcode_before_footer_widgets":"","ocean_shortcode_after_footer_widgets":"","ocean_shortcode_before_footer_bottom":"","ocean_shortcode_after_footer_bottom":"","ocean_display_top_bar":"off","ocean_display_header":"off","ocean_header_style":"","ocean_center_header_left_menu":"","ocean_custom_header_template":"","ocean_custom_logo":0,"ocean_custom_retina_logo":0,"ocean_custom_logo_max_width":0,"ocean_custom_logo_tablet_max_width":0,"ocean_custom_logo_mobile_max_width":0,"ocean_custom_logo_max_height":0,"ocean_custom_logo_tablet_max_height":0,"ocean_custom_logo_mobile_max_height":0,"ocean_header_custom_menu":"","ocean_menu_typo_font_family":"","ocean_menu_typo_font_subset":"","ocean_menu_typo_font_size":0,"ocean_menu_typo_font_size_tablet":0,"ocean_menu_typo_font_size_mobile":0,"ocean_menu_typo_font_size_unit":"px","ocean_menu_typo_font_weight":"","ocean_menu_typo_font_weight_tablet":"","ocean_menu_typo_font_weight_mobile":"","ocean_menu_typo_transform":"","ocean_menu_typo_transform_tablet":"","ocean_menu_typo_transform_mobile":"","ocean_menu_typo_line_height":0,"ocean_menu_typo_line_height_tablet":0,"ocean_menu_typo_line_height_mobile":0,"ocean_menu_typo_line_height_unit":"","ocean_menu_typo_spacing":0,"ocean_menu_typo_spacing_tablet":0,"ocean_menu_typo_spacing_mobile":0,"ocean_menu_typo_spacing_unit":"","ocean_menu_link_color":"","ocean_menu_link_color_hover":"","ocean_menu_link_color_active":"","ocean_menu_link_background":"","ocean_menu_link_hover_background":"","ocean_menu_link_active_background":"","ocean_menu_social_links_bg":"","ocean_menu_social_hover_links_bg":"","ocean_menu_social_links_color":"","ocean_menu_social_hover_links_color":"","ocean_disable_title":"default","ocean_disable_heading":"default","ocean_post_title":"","ocean_post_subheading":"","ocean_post_title_style":"","ocean_post_title_background_color":"","ocean_post_title_background":0,"ocean_post_title_bg_image_position":"","ocean_post_title_bg_image_attachment":"","ocean_post_title_bg_image_repeat":"","ocean_post_title_bg_image_size":"","ocean_post_title_height":0,"ocean_post_title_bg_overlay":0.5,"ocean_post_title_bg_overlay_color":"","ocean_disable_breadcrumbs":"default","ocean_breadcrumbs_color":"","ocean_breadcrumbs_separator_color":"","ocean_breadcrumbs_links_color":"","ocean_breadcrumbs_links_hover_color":"","ocean_display_footer_widgets":"default","ocean_display_footer_bottom":"default","ocean_custom_footer_template":"","footnotes":""},"class_list":["post-223","page","type-page","status-publish","hentry","entry"],"_links":{"self":[{"href":"https:\/\/www.foerderverein-marienschule-roxel.de\/NeueSeite\/wp-json\/wp\/v2\/pages\/223","targetHints":{"allow":["GET"]}}],"collection":[{"href":"https:\/\/www.foerderverein-marienschule-roxel.de\/NeueSeite\/wp-json\/wp\/v2\/pages"}],"about":[{"href":"https:\/\/www.foerderverein-marienschule-roxel.de\/NeueSeite\/wp-json\/wp\/v2\/types\/page"}],"author":[{"embeddable":true,"href":"https:\/\/www.foerderverein-marienschule-roxel.de\/NeueSeite\/wp-json\/wp\/v2\/users\/1"}],"replies":[{"embeddable":true,"href":"https:\/\/www.foerderverein-marienschule-roxel.de\/NeueSeite\/wp-json\/wp\/v2\/comments?post=223"}],"version-history":[{"count":5,"href":"https:\/\/www.foerderverein-marienschule-roxel.de\/NeueSeite\/wp-json\/wp\/v2\/pages\/223\/revisions"}],"predecessor-version":[{"id":273,"href":"https:\/\/www.foerderverein-marienschule-roxel.de\/NeueSeite\/wp-json\/wp\/v2\/pages\/223\/revisions\/273"}],"wp:attachment":[{"href":"https:\/\/www.foerderverein-marienschule-roxel.de\/NeueSeite\/wp-json\/wp\/v2\/media?parent=223"}],"curies":[{"name":"wp","href":"https:\/\/api.w.org\/{rel}","templated":true}]}}

<div data-elementor-type="wp-page" data-elementor-id="223" class="elementor elementor-223">
				<div class="elementor-element elementor-element-de0449e e-flex e-con-boxed e-con e-parent" data-id="de0449e" data-element_type="container">
					<div class="e-con-inner">
				<div class="elementor-element elementor-element-1ed9959 elementor-widget elementor-widget-heading" data-id="1ed9959" data-element_type="widget" data-widget_type="heading.default">
				<div class="elementor-widget-container">
			<style>/*! elementor - v3.21.0 - 30-04-2024 */
.elementor-heading-title{padding:0;margin:0;line-height:1}.elementor-widget-heading .elementor-heading-title[class*=elementor-size-]>a{color:inherit;font-size:inherit;line-height:inherit}.elementor-widget-heading .elementor-heading-title.elementor-size-small{font-size:15px}.elementor-widget-heading .elementor-heading-title.elementor-size-medium{font-size:19px}.elementor-widget-heading .elementor-heading-title.elementor-size-large{font-size:29px}.elementor-widget-heading .elementor-heading-title.elementor-size-xl{font-size:39px}.elementor-widget-heading .elementor-heading-title.elementor-size-xxl{font-size:59px}</style><h2 class="elementor-heading-title elementor-size-default">Komm mach mit</h2>		</div>
				</div>
					</div>
				</div>
		<div class="elementor-element elementor-element-7d2999f e-flex e-con-boxed e-con e-parent" data-id="7d2999f" data-element_type="container">
					<div class="e-con-inner">
				<div class="elementor-element elementor-element-fc1890a elementor-widget elementor-widget-image" data-id="fc1890a" data-element_type="widget" data-widget_type="image.default">
				<div class="elementor-widget-container">
			<style>/*! elementor - v3.21.0 - 30-04-2024 */
.elementor-widget-image{text-align:center}.elementor-widget-image a{display:inline-block}.elementor-widget-image a img[src$=".svg"]{width:48px}.elementor-widget-image img{vertical-align:middle;display:inline-block}</style>										<img fetchpriority="high" decoding="async" width="1024" height="752" src="https://www.foerderverein-marienschule-roxel.de/NeueSeite/wp-content/uploads/2024/09/Komm-mach-mit-1024x752.jpg" class="attachment-large size-large wp-image-221" alt="" srcset="https://www.foerderverein-marienschule-roxel.de/NeueSeite/wp-content/uploads/2024/09/Komm-mach-mit-1024x752.jpg 1024w, https://www.foerderverein-marienschule-roxel.de/NeueSeite/wp-content/uploads/2024/09/Komm-mach-mit-300x220.jpg 300w, https://www.foerderverein-marienschule-roxel.de/NeueSeite/wp-content/uploads/2024/09/Komm-mach-mit-768x564.jpg 768w, https://www.foerderverein-marienschule-roxel.de/NeueSeite/wp-content/uploads/2024/09/Komm-mach-mit.jpg 1280w" sizes="(max-width: 1024px) 100vw, 1024px" />													</div>
				</div>
					</div>
				</div>
		<div class="elementor-element elementor-element-5b752f2 e-flex e-con-boxed e-con e-parent" data-id="5b752f2" data-element_type="container">
					<div class="e-con-inner">
				<div class="elementor-element elementor-element-4655025 elementor-widget elementor-widget-text-editor" data-id="4655025" data-element_type="widget" data-widget_type="text-editor.default">
				<div class="elementor-widget-container">
			<style>/*! elementor - v3.21.0 - 30-04-2024 */
.elementor-widget-text-editor.elementor-drop-cap-view-stacked .elementor-drop-cap{background-color:#69727d;color:#fff}.elementor-widget-text-editor.elementor-drop-cap-view-framed .elementor-drop-cap{color:#69727d;border:3px solid;background-color:transparent}.elementor-widget-text-editor:not(.elementor-drop-cap-view-default) .elementor-drop-cap{margin-top:8px}.elementor-widget-text-editor:not(.elementor-drop-cap-view-default) .elementor-drop-cap-letter{width:1em;height:1em}.elementor-widget-text-editor .elementor-drop-cap{float:left;text-align:center;line-height:1;font-size:50px}.elementor-widget-text-editor .elementor-drop-cap-letter{display:inline-block}</style>				<p>Artikel: 16.07.2024 WN</p><p><strong>Ein guter Start in die Ferien</strong></p><p>Die Kinder in der OGS der Marienschule Roxel hatten mit Unterstützung des Fördervereins  eine „sportliche“  erste Ferienwoche.<br />„Komm! Mach mit“ hieß das Projekt für die Jahrgänge eins und zwei, das über die Projektförderung der Aktion Mensch finanziert wurde, so das OGS Team in einer Pressemitteilung.</p><p>Sportbegeisterte und erfahrene junge Erwachsene boten unter der Leitung von Susanne Ackmann vor-und nachmittags je zwei intensive Sportstunden an. Die Karateka Eric Holtz, Deutscher Meister im Teamkampf und sein Bruder Lasse, Silbermedaille im Einzel, standen täglich „ vier Stunden auf der Matte“  um erste Grundkenntnisse in der Selbstverteidigung zu vermitteln.<br />Parallel gab es unterschiedliche Bewegungsstationen und Mannschaftsspiele. Wer wollte konnte also eine intensive Sportwoche  in der Ferienbetreuung des OGS erleben.<br />Auch in der ersten Herbstferienwoche, wird es mit Unterstützung der Aktion Mensch über den Förderverein eine sportliche  Ergänzung geben.</p><p> </p><p> </p><p> </p>						</div>
				</div>
					</div>
				</div>
				</div>

<p>Komm mach mit Artikel: 16.07.2024 WN Ein guter Start in die Ferien Die Kinder in der OGS der Marienschule Roxel hatten mit Unterstützung des Fördervereins  eine „sportliche“  erste Ferienwoche.„Komm! Mach mit“ hieß das Projekt für die Jahrgänge eins und zwei, das über die Projektförderung der Aktion Mensch finanziert wurde, so das OGS Team in einer [&hellip;]</p>
