{"id":3,"date":"2024-03-11T14:34:05","date_gmt":"2024-03-11T13:34:05","guid":{"rendered":"https:\/\/www.foerderverein-marienschule-roxel.de\/NeueSeite\/?page_id=3"},"modified":"2024-09-30T10:19:36","modified_gmt":"2024-09-30T08:19:36","slug":"datenschutzerklaerung","status":"publish","type":"page","link":"https:\/\/www.foerderverein-marienschule-roxel.de\/NeueSeite\/datenschutzerklaerung\/","title":{"rendered":"Datenschutzerkl\u00e4rung"},"content":{"rendered":"\n<p class=\"has-white-color has-text-color has-link-color wp-elements-6d82eb035fcfa7628c7412779612be6e\">Datenschutzerkl\u00e4rung<\/p>\n\n\n\n<p>Der F\u00f6rderverein der Marienschule Roxel e. V. unterliegt als gemeinn\u00fctziger Verein den Bestimmungen der Datenschutzgrundverordnung (DSGVO) und des Datenschutzgesetzes f\u00fcr das Land Nordrhein-Westfalen (DSG NRW). Der Schutz Ihrer personenbezogenen Daten ist uns ein sehr wichtiges Anliegen. Daher werden Ihre Daten im Rahmen der gesetzlichen Vorschriften gesch\u00fctzt und alle Vorgaben der DSGVO und des Datenschutzgesetzes f\u00fcr das Land Nordrhein-Westfalen eingehalten.<\/p>\n\n\n\n<h3 class=\"wp-block-heading\">Verarbeitung personenbezogener Daten<\/h3>\n\n\n\n<p>Der Verein verarbeitet im Rahmen des Mitgliedschaftsverh\u00e4ltnisses insbesondere die folgenden Daten der Mitglieder: Vorname, Name, Anschrift, Datum des Vereinsbeitritts, Name und Klasse des Kindes, Bankverbindung, E-Mailadresse, Beitragsh\u00f6he.<\/p>\n\n\n\n<p>Die von dem Verein erhobenen personenbezogenen Daten werden gel\u00f6scht, wenn sie f\u00fcr die Durchf\u00fchrung der des Vereinszweckes nicht mehr ben\u00f6tigt werden und rechtliche Aufbewahrungsfristen abgelaufen sind.<\/p>\n\n\n\n<p>In keinem Fall erfolgt eine Weitergabe oder Verarbeitung der Daten an bzw. durch Dritte.<\/p>\n\n\n\n<p>Um die Sicherheit Ihrer Daten bei einer Kontaktaufnahme \u00fcber unsere Webseite zu sch\u00fctzen, verwenden wir in Web-Formularen, die detaillierte personenbezogene Daten erfassen, Verschl\u00fcsselungsverfahren (z. B. SSL). Unser Server ist durch Firewalls und Virenschutz gesichert.<br>Da die \u00dcbermittlung von Informationen im Internet nicht v\u00f6llig sicher ist, kann nicht ausgeschlossen werden, dass Dritte \u00fcbermittelte Daten abfangen oder ver\u00e4ndern. Dies gilt besonders f\u00fcr die unverschl\u00fcsselte \u00dcbermittlung von Daten \u00fcber einfache Web-Formulare oder ein Mailprogramm. In Angelegenheiten, die besondere Vertraulichkeit erfordern, sollte daher auf andere Arten der \u00dcbermittlung zur\u00fcckgegriffen werden.<\/p>\n\n\n\n<h3 class=\"wp-block-heading\">E-Mail<\/h3>\n\n\n\n<p>Wenn Sie mit uns per E-Mail in Kontakt treten, verarbeiten wir Ihre Angaben zur Bearbeitung der Anfrage sowie f\u00fcr den Fall, dass Anschlussfragen entstehen. Bei Ihrer Kontaktaufnahme per E-Mail erfolgt die \u00dcbermittlung personenbezogener Daten auf ausdr\u00fccklich freiwilliger Basis. Ihre personenbezogenen Daten verarbeiten wir aufgrund Ihrer Einwilligung (Artikel 6 Absatz 1 a DSGVO) oder weil wir ein berechtigtes Interesse an der Verarbeitung Ihrer Daten haben (Artikel 6 Absatz 1 f DSGVO). Ein berechtigtes Interesse liegt zum Beispiel darin, auf Ihre E-Mail zu antworten.<\/p>\n\n\n\n<p>Beim Versand von E-Mails durch uns an eine Vielzahl von Personen, die nicht in einem st\u00e4ndigen Kontakt per E-Mail untereinander stehen und\/ oder deren private E-Mail-Accounts verwendet werden, versenden wir die E-Mail-Adressen im \u201ebcc\u201c.<\/p>\n\n\n\n<h3 class=\"wp-block-heading\">Kontaktformular<\/h3>\n\n\n\n<p>Wenn Sie uns per Kontaktformular Anfragen zukommen lassen, werden Ihre Angaben aus dem Anfrageformular inklusive der von Ihnen dort angegebenen Kontaktdaten zwecks Bearbeitung der Anfrage und f\u00fcr den Fall von Anschlussfragen bei uns gespeichert. Diese Daten geben wir nicht ohne Ihre Einwilligung weiter.<\/p>\n\n\n\n<p>Die Verarbeitung der in das Kontaktformular eingegebenen Daten erfolgt somit ausschlie\u00dflich auf Grundlage Ihrer Einwilligung (Art. 6 Abs. 1 lit. a DSGVO). Sie k\u00f6nnen diese Einwilligung jederzeit widerrufen. Dazu reicht eine formlose Mitteilung per E-Mail an uns. Die Rechtm\u00e4\u00dfigkeit der bis zum Widerruf erfolgten Datenverarbeitungsvorg\u00e4nge bleibt vom Widerruf unber\u00fchrt.<\/p>\n\n\n\n<p>Die von Ihnen im Kontaktformular eingegebenen Daten verbleiben bei uns, bis Sie uns zur L\u00f6schung auffordern, Ihre Einwilligung zur Speicherung widerrufen oder der Zweck f\u00fcr die Datenspeicherung entf\u00e4llt (z.B. nach abgeschlossener Bearbeitung Ihrer Anfrage). Zwingende gesetzliche Bestimmungen \u2013 insbesondere Aufbewahrungsfristen \u2013 bleiben unber\u00fchrt.<\/p>\n\n\n\n<h3 class=\"wp-block-heading\">Rechte der Vereinsmitglieder<\/h3>\n\n\n\n<ol class=\"wp-block-list\">\n<li>Sie haben das Recht, Ihre erteilte Einwilligung jederzeit gegen\u00fcber dem Verein zu widerrufen. Dies hat zur Folge, dass wir die Datenverarbeitung, die auf dieser Einwilligung beruhte, f\u00fcr die Zukunft nicht mehr fortf\u00fchren d\u00fcrfen. Damit m\u00fcssen wir Ihre Vereinsmitgliedschaft beenden. Die Rechtm\u00e4\u00dfigkeit der Verarbeitung Ihrer Daten bis zu Ihrem Widerruf wird davon nicht ber\u00fchrt.<\/li>\n\n\n\n<li>Auskunftsrecht \u00fcber die zu Ihrer Person gespeicherten Daten und deren Verarbeitung nach Ma\u00dfgabe des Artikels 15 DSGVO.<\/li>\n\n\n\n<li>Recht auf Datenberichtigung, sofern Ihre Daten unrichtig oder unvollst\u00e4ndig sein sollten, nach Ma\u00dfgabe des Artikels 16 DSGVO.<\/li>\n\n\n\n<li>Recht auf L\u00f6schung der zu Ihrer Person gespeicherten Daten, sofern eine der Voraussetzungen von Artikel 17 DSGVO zutrifft. Das Recht zur L\u00f6schung besteht erg\u00e4nzend zu den in Artikel 17 Absatz 3 DSGVO genannten Ausnahmen nicht, wenn eine L\u00f6schung wegen der besonderen Art der Speicherung nicht oder nur mit unverh\u00e4ltnism\u00e4\u00dfig hohem Aufwand m\u00f6glich ist. In diesen F\u00e4llen tritt an die Stelle der L\u00f6schung die Einschr\u00e4nkung der Verarbeitung gem\u00e4\u00df Artikel 18 DSGVO.<\/li>\n\n\n\n<li>Recht auf Einschr\u00e4nkung der Datenverarbeitung nach Ma\u00dfgabe des Artikels 18 DSGVO<\/li>\n\n\n\n<li>Recht gem\u00e4\u00df Artikel 20 DSGVO, Ihre personenbezogenen Daten, die Sie uns bereitgestellt haben, in einem strukturierten, g\u00e4ngigen und maschinenlesbaren Format zu erhalten oder die \u00dcbermittlung an einen anderen Verantwortlichen zu verlangen<\/li>\n\n\n\n<li>Widerspruchsrecht gegen bestimmte Datenverarbeitungen nach Ma\u00dfgabe des Artikels 21 DSGVO<\/li>\n<\/ol>\n\n\n\n<h3 class=\"wp-block-heading\">Webstatistik<\/h3>\n\n\n\n<p>Um die Internetseite kontinuierlich nach den Bedarfen der Nutzerinnen und Nutzer auszurichten, beobachten wir die Seitenaufrufe, indem wir die Informationen aus den Logfiles der Webserver auswerten.<\/p>\n\n\n\n<h3 class=\"wp-block-heading\">Logfiles<\/h3>\n\n\n\n<p>Der Webseitenbetreiber erhebt und speichert aufgrund unseres berechtigten Interesses als Betreiber der Website (Artikel 6 Absatz 1 f DSGVO) in den Logfiles unseres Webservers die Informationen, die Ihr Browser an uns \u00fcbermittelt: IP-Adresse, Betriebssystem und Browser-Typ\/-Version (User-Agent) des Computers, Name und IP-Adresse des Servers, der die Seite anfordert (Remote Host), Uhrzeit der Server-Anfrage, Adresse der Webseiten, die Sie bei uns besuchen, \u00fcbertragene Datenmenge und die Webseite, von der aus Sie zu unseren Seiten kommen (Referrer-URL). Sie bleiben als einzelne\/r Nutzer\/in hierbei anonym.<br>Die Daten werden f\u00fcr maximal drei Monate gespeichert und dann gel\u00f6scht. Die Speicherung der Daten erfolgt aus Sicherheitsgr\u00fcnden. M\u00fcssen Daten aus Beweisgr\u00fcnden aufgehoben werden, werden sie solange nicht gel\u00f6scht, bis der Vorfall endg\u00fcltig gekl\u00e4rt ist.<\/p>\n\n\n\n<h3 class=\"wp-block-heading\">Beschwerderecht bei der Aufsichtsbeh\u00f6rde<\/h3>\n\n\n\n<p>Wenn Sie der Ansicht sind, dass Ihre personenbezogenen Daten nicht rechtm\u00e4\u00dfig verarbeitet werden, k\u00f6nnen Sie sich mit einer Beschwerde an die zust\u00e4ndige Aufsichtsbeh\u00f6rde wenden:<\/p>\n\n\n\n<p>Landesbeauftragte f\u00fcr Datenschutz und Informationsfreiheit des Landes Nordrhein-Westfalen: <a href=\"http:\/\/www.ldi.nrw.de\/metanavi_Kontakt\">www.ldi.nrw.de\/metanavi_Kontakt<\/a><\/p>\n\n\n\n<h3 class=\"wp-block-heading\">Fragen zum Datenschutz?<\/h3>\n\n\n\n<p>Wenn Sie Auskunft \u00fcber Ihre personenbezogenen Daten beziehungsweise deren Korrektur oder L\u00f6schung w\u00fcnschen oder weitergehende Fragen \u00fcber die Verwendung Ihrer uns \u00fcberlassenen personenbezogenen Daten haben, wenden Sie sich bitte an kontakt@foerderverein-marienschule-roxel.de.<\/p>\n\n\n\n<p class=\"has-white-color has-text-color has-link-color wp-elements-044af6736073ba7303bce282d9fdb5f5\"><a href=\"https:\/\/foerderverein-marienschule-roxel.de\/datenschutz.html#\">zum Seitenanfang<\/a><img decoding=\"async\" src=\"https:\/\/foerderverein-marienschule-roxel.de\/images\/Top.gif\" width=\"7\" height=\"10\" alt=\"Top\"><\/p>\n\n\n\n<p><\/p>\n","protected":false},"excerpt":{"rendered":"<p>Datenschutzerkl\u00e4rung Der F\u00f6rderverein der Marienschule Roxel e. V. unterliegt als gemeinn\u00fctziger Verein den Bestimmungen der Datenschutzgrundverordnung (DSGVO) und des Datenschutzgesetzes f\u00fcr das Land Nordrhein-Westfalen (DSG NRW). Der Schutz Ihrer personenbezogenen Daten ist uns ein sehr wichtiges Anliegen. Daher werden Ihre Daten im Rahmen der gesetzlichen Vorschriften gesch\u00fctzt und alle Vorgaben der DSGVO und des Datenschutzgesetzes [&hellip;]<\/p>\n","protected":false},"author":1,"featured_media":0,"parent":0,"menu_order":0,"comment_status":"closed","ping_status":"open","template":"","meta":{"ocean_post_layout":"","ocean_both_sidebars_style":"","ocean_both_sidebars_content_width":0,"ocean_both_sidebars_sidebars_width":0,"ocean_sidebar":"","ocean_second_sidebar":"","ocean_disable_margins":"enable","ocean_add_body_class":"","ocean_shortcode_before_top_bar":"","ocean_shortcode_after_top_bar":"","ocean_shortcode_before_header":"","ocean_shortcode_after_header":"","ocean_has_shortcode":"","ocean_shortcode_after_title":"","ocean_shortcode_before_footer_widgets":"","ocean_shortcode_after_footer_widgets":"","ocean_shortcode_before_footer_bottom":"","ocean_shortcode_after_footer_bottom":"","ocean_display_top_bar":"default","ocean_display_header":"default","ocean_header_style":"","ocean_center_header_left_menu":"","ocean_custom_header_template":"","ocean_custom_logo":0,"ocean_custom_retina_logo":0,"ocean_custom_logo_max_width":0,"ocean_custom_logo_tablet_max_width":0,"ocean_custom_logo_mobile_max_width":0,"ocean_custom_logo_max_height":0,"ocean_custom_logo_tablet_max_height":0,"ocean_custom_logo_mobile_max_height":0,"ocean_header_custom_menu":"","ocean_menu_typo_font_family":"","ocean_menu_typo_font_subset":"","ocean_menu_typo_font_size":0,"ocean_menu_typo_font_size_tablet":0,"ocean_menu_typo_font_size_mobile":0,"ocean_menu_typo_font_size_unit":"px","ocean_menu_typo_font_weight":"","ocean_menu_typo_font_weight_tablet":"","ocean_menu_typo_font_weight_mobile":"","ocean_menu_typo_transform":"","ocean_menu_typo_transform_tablet":"","ocean_menu_typo_transform_mobile":"","ocean_menu_typo_line_height":0,"ocean_menu_typo_line_height_tablet":0,"ocean_menu_typo_line_height_mobile":0,"ocean_menu_typo_line_height_unit":"","ocean_menu_typo_spacing":0,"ocean_menu_typo_spacing_tablet":0,"ocean_menu_typo_spacing_mobile":0,"ocean_menu_typo_spacing_unit":"","ocean_menu_link_color":"","ocean_menu_link_color_hover":"","ocean_menu_link_color_active":"","ocean_menu_link_background":"","ocean_menu_link_hover_background":"","ocean_menu_link_active_background":"","ocean_menu_social_links_bg":"","ocean_menu_social_hover_links_bg":"","ocean_menu_social_links_color":"","ocean_menu_social_hover_links_color":"","ocean_disable_title":"default","ocean_disable_heading":"default","ocean_post_title":"","ocean_post_subheading":"","ocean_post_title_style":"","ocean_post_title_background_color":"","ocean_post_title_background":0,"ocean_post_title_bg_image_position":"","ocean_post_title_bg_image_attachment":"","ocean_post_title_bg_image_repeat":"","ocean_post_title_bg_image_size":"","ocean_post_title_height":0,"ocean_post_title_bg_overlay":0.5,"ocean_post_title_bg_overlay_color":"","ocean_disable_breadcrumbs":"default","ocean_breadcrumbs_color":"","ocean_breadcrumbs_separator_color":"","ocean_breadcrumbs_links_color":"","ocean_breadcrumbs_links_hover_color":"","ocean_display_footer_widgets":"default","ocean_display_footer_bottom":"default","ocean_custom_footer_template":"","footnotes":""},"class_list":["post-3","page","type-page","status-publish","hentry","entry"],"_links":{"self":[{"href":"https:\/\/www.foerderverein-marienschule-roxel.de\/NeueSeite\/wp-json\/wp\/v2\/pages\/3","targetHints":{"allow":["GET"]}}],"collection":[{"href":"https:\/\/www.foerderverein-marienschule-roxel.de\/NeueSeite\/wp-json\/wp\/v2\/pages"}],"about":[{"href":"https:\/\/www.foerderverein-marienschule-roxel.de\/NeueSeite\/wp-json\/wp\/v2\/types\/page"}],"author":[{"embeddable":true,"href":"https:\/\/www.foerderverein-marienschule-roxel.de\/NeueSeite\/wp-json\/wp\/v2\/users\/1"}],"replies":[{"embeddable":true,"href":"https:\/\/www.foerderverein-marienschule-roxel.de\/NeueSeite\/wp-json\/wp\/v2\/comments?post=3"}],"version-history":[{"count":1,"href":"https:\/\/www.foerderverein-marienschule-roxel.de\/NeueSeite\/wp-json\/wp\/v2\/pages\/3\/revisions"}],"predecessor-version":[{"id":290,"href":"https:\/\/www.foerderverein-marienschule-roxel.de\/NeueSeite\/wp-json\/wp\/v2\/pages\/3\/revisions\/290"}],"wp:attachment":[{"href":"https:\/\/www.foerderverein-marienschule-roxel.de\/NeueSeite\/wp-json\/wp\/v2\/media?parent=3"}],"curies":[{"name":"wp","href":"https:\/\/api.w.org\/{rel}","templated":true}]}}

Datenschutzerklärung

<p class="has-white-color has-text-color has-link-color wp-elements-6d82eb035fcfa7628c7412779612be6e">Datenschutzerklärung</p>



<p>Der Förderverein der Marienschule Roxel e. V. unterliegt als gemeinnütziger Verein den Bestimmungen der Datenschutzgrundverordnung (DSGVO) und des Datenschutzgesetzes für das Land Nordrhein-Westfalen (DSG NRW). Der Schutz Ihrer personenbezogenen Daten ist uns ein sehr wichtiges Anliegen. Daher werden Ihre Daten im Rahmen der gesetzlichen Vorschriften geschützt und alle Vorgaben der DSGVO und des Datenschutzgesetzes für das Land Nordrhein-Westfalen eingehalten.</p>



<h3 class="wp-block-heading">Verarbeitung personenbezogener Daten</h3>



<p>Der Verein verarbeitet im Rahmen des Mitgliedschaftsverhältnisses insbesondere die folgenden Daten der Mitglieder: Vorname, Name, Anschrift, Datum des Vereinsbeitritts, Name und Klasse des Kindes, Bankverbindung, E-Mailadresse, Beitragshöhe.</p>



<p>Die von dem Verein erhobenen personenbezogenen Daten werden gelöscht, wenn sie für die Durchführung der des Vereinszweckes nicht mehr benötigt werden und rechtliche Aufbewahrungsfristen abgelaufen sind.</p>



<p>In keinem Fall erfolgt eine Weitergabe oder Verarbeitung der Daten an bzw. durch Dritte.</p>



<p>Um die Sicherheit Ihrer Daten bei einer Kontaktaufnahme über unsere Webseite zu schützen, verwenden wir in Web-Formularen, die detaillierte personenbezogene Daten erfassen, Verschlüsselungsverfahren (z. B. SSL). Unser Server ist durch Firewalls und Virenschutz gesichert.<br>Da die Übermittlung von Informationen im Internet nicht völlig sicher ist, kann nicht ausgeschlossen werden, dass Dritte übermittelte Daten abfangen oder verändern. Dies gilt besonders für die unverschlüsselte Übermittlung von Daten über einfache Web-Formulare oder ein Mailprogramm. In Angelegenheiten, die besondere Vertraulichkeit erfordern, sollte daher auf andere Arten der Übermittlung zurückgegriffen werden.</p>



<h3 class="wp-block-heading">E-Mail</h3>



<p>Wenn Sie mit uns per E-Mail in Kontakt treten, verarbeiten wir Ihre Angaben zur Bearbeitung der Anfrage sowie für den Fall, dass Anschlussfragen entstehen. Bei Ihrer Kontaktaufnahme per E-Mail erfolgt die Übermittlung personenbezogener Daten auf ausdrücklich freiwilliger Basis. Ihre personenbezogenen Daten verarbeiten wir aufgrund Ihrer Einwilligung (Artikel 6 Absatz 1 a DSGVO) oder weil wir ein berechtigtes Interesse an der Verarbeitung Ihrer Daten haben (Artikel 6 Absatz 1 f DSGVO). Ein berechtigtes Interesse liegt zum Beispiel darin, auf Ihre E-Mail zu antworten.</p>



<p>Beim Versand von E-Mails durch uns an eine Vielzahl von Personen, die nicht in einem ständigen Kontakt per E-Mail untereinander stehen und/ oder deren private E-Mail-Accounts verwendet werden, versenden wir die E-Mail-Adressen im „bcc“.</p>



<h3 class="wp-block-heading">Kontaktformular</h3>



<p>Wenn Sie uns per Kontaktformular Anfragen zukommen lassen, werden Ihre Angaben aus dem Anfrageformular inklusive der von Ihnen dort angegebenen Kontaktdaten zwecks Bearbeitung der Anfrage und für den Fall von Anschlussfragen bei uns gespeichert. Diese Daten geben wir nicht ohne Ihre Einwilligung weiter.</p>



<p>Die Verarbeitung der in das Kontaktformular eingegebenen Daten erfolgt somit ausschließlich auf Grundlage Ihrer Einwilligung (Art. 6 Abs. 1 lit. a DSGVO). Sie können diese Einwilligung jederzeit widerrufen. Dazu reicht eine formlose Mitteilung per E-Mail an uns. Die Rechtmäßigkeit der bis zum Widerruf erfolgten Datenverarbeitungsvorgänge bleibt vom Widerruf unberührt.</p>



<p>Die von Ihnen im Kontaktformular eingegebenen Daten verbleiben bei uns, bis Sie uns zur Löschung auffordern, Ihre Einwilligung zur Speicherung widerrufen oder der Zweck für die Datenspeicherung entfällt (z.B. nach abgeschlossener Bearbeitung Ihrer Anfrage). Zwingende gesetzliche Bestimmungen – insbesondere Aufbewahrungsfristen – bleiben unberührt.</p>



<h3 class="wp-block-heading">Rechte der Vereinsmitglieder</h3>



<ol class="wp-block-list">
<li>Sie haben das Recht, Ihre erteilte Einwilligung jederzeit gegenüber dem Verein zu widerrufen. Dies hat zur Folge, dass wir die Datenverarbeitung, die auf dieser Einwilligung beruhte, für die Zukunft nicht mehr fortführen dürfen. Damit müssen wir Ihre Vereinsmitgliedschaft beenden. Die Rechtmäßigkeit der Verarbeitung Ihrer Daten bis zu Ihrem Widerruf wird davon nicht berührt.</li>



<li>Auskunftsrecht über die zu Ihrer Person gespeicherten Daten und deren Verarbeitung nach Maßgabe des Artikels 15 DSGVO.</li>



<li>Recht auf Datenberichtigung, sofern Ihre Daten unrichtig oder unvollständig sein sollten, nach Maßgabe des Artikels 16 DSGVO.</li>



<li>Recht auf Löschung der zu Ihrer Person gespeicherten Daten, sofern eine der Voraussetzungen von Artikel 17 DSGVO zutrifft. Das Recht zur Löschung besteht ergänzend zu den in Artikel 17 Absatz 3 DSGVO genannten Ausnahmen nicht, wenn eine Löschung wegen der besonderen Art der Speicherung nicht oder nur mit unverhältnismäßig hohem Aufwand möglich ist. In diesen Fällen tritt an die Stelle der Löschung die Einschränkung der Verarbeitung gemäß Artikel 18 DSGVO.</li>



<li>Recht auf Einschränkung der Datenverarbeitung nach Maßgabe des Artikels 18 DSGVO</li>



<li>Recht gemäß Artikel 20 DSGVO, Ihre personenbezogenen Daten, die Sie uns bereitgestellt haben, in einem strukturierten, gängigen und maschinenlesbaren Format zu erhalten oder die Übermittlung an einen anderen Verantwortlichen zu verlangen</li>



<li>Widerspruchsrecht gegen bestimmte Datenverarbeitungen nach Maßgabe des Artikels 21 DSGVO</li>
</ol>



<h3 class="wp-block-heading">Webstatistik</h3>



<p>Um die Internetseite kontinuierlich nach den Bedarfen der Nutzerinnen und Nutzer auszurichten, beobachten wir die Seitenaufrufe, indem wir die Informationen aus den Logfiles der Webserver auswerten.</p>



<h3 class="wp-block-heading">Logfiles</h3>



<p>Der Webseitenbetreiber erhebt und speichert aufgrund unseres berechtigten Interesses als Betreiber der Website (Artikel 6 Absatz 1 f DSGVO) in den Logfiles unseres Webservers die Informationen, die Ihr Browser an uns übermittelt: IP-Adresse, Betriebssystem und Browser-Typ/-Version (User-Agent) des Computers, Name und IP-Adresse des Servers, der die Seite anfordert (Remote Host), Uhrzeit der Server-Anfrage, Adresse der Webseiten, die Sie bei uns besuchen, übertragene Datenmenge und die Webseite, von der aus Sie zu unseren Seiten kommen (Referrer-URL). Sie bleiben als einzelne/r Nutzer/in hierbei anonym.<br>Die Daten werden für maximal drei Monate gespeichert und dann gelöscht. Die Speicherung der Daten erfolgt aus Sicherheitsgründen. Müssen Daten aus Beweisgründen aufgehoben werden, werden sie solange nicht gelöscht, bis der Vorfall endgültig geklärt ist.</p>



<h3 class="wp-block-heading">Beschwerderecht bei der Aufsichtsbehörde</h3>



<p>Wenn Sie der Ansicht sind, dass Ihre personenbezogenen Daten nicht rechtmäßig verarbeitet werden, können Sie sich mit einer Beschwerde an die zuständige Aufsichtsbehörde wenden:</p>



<p>Landesbeauftragte für Datenschutz und Informationsfreiheit des Landes Nordrhein-Westfalen: <a href="http://www.ldi.nrw.de/metanavi_Kontakt">www.ldi.nrw.de/metanavi_Kontakt</a></p>



<h3 class="wp-block-heading">Fragen zum Datenschutz?</h3>



<p>Wenn Sie Auskunft über Ihre personenbezogenen Daten beziehungsweise deren Korrektur oder Löschung wünschen oder weitergehende Fragen über die Verwendung Ihrer uns überlassenen personenbezogenen Daten haben, wenden Sie sich bitte an kontakt@foerderverein-marienschule-roxel.de.</p>



<p class="has-white-color has-text-color has-link-color wp-elements-044af6736073ba7303bce282d9fdb5f5"><a href="https://foerderverein-marienschule-roxel.de/datenschutz.html#">zum Seitenanfang</a><img decoding="async" src="https://foerderverein-marienschule-roxel.de/images/Top.gif" width="7" height="10" alt="Top"></p>



<p></p>

<p>Datenschutzerklärung Der Förderverein der Marienschule Roxel e. V. unterliegt als gemeinnütziger Verein den Bestimmungen der Datenschutzgrundverordnung (DSGVO) und des Datenschutzgesetzes für das Land Nordrhein-Westfalen (DSG NRW). Der Schutz Ihrer personenbezogenen Daten ist uns ein sehr wichtiges Anliegen. Daher werden Ihre Daten im Rahmen der gesetzlichen Vorschriften geschützt und alle Vorgaben der DSGVO und des Datenschutzgesetzes [&hellip;]</p>
